**f - d**3. Let i(q) = -90*q**2 - 811*q - 13. Let p be i(-9). Give l(p).
15
Let a = -311 - -316. Let y(h) = -8*h**2 + 2*h. Let b(t) be the first derivative of -t**3 + t**2/2 - 7. Let m(f) = -11*b(f) + 4*y(f). Calculate m(a).
10
Let y(i) = 15*i - 147. Let k(w) = 5*w**2 + 5*w - 1. Let l be k(1). Calculate y(l).
-12
Suppose -6*s = -s - 30. Let i(j) = -j**3 + 6*j**2 + j. Let o be i(s). Let a(m) be the first derivative of 3*m**2/2 - 4*m - 1306. Calculate a(o).
14
Let u(s) = 9*s - 9. Let p be ((-462)/308)/((-3)/(-8)). Calculate u(p).
-45
Let m(n) be the second derivative of -11*n**3/2 + 99*n**2 + 92*n + 1. Give m(6).
0
Let o(y) = y - 11. Let v(a) = a + 7. Let w be ((-26)/65)/((-2)/(-5)). Let k be v(w). Give o(k).
-5
Let c(g) = g + 8. Let l(f) = 2*f**3 + 11*f**2 + 10*f + 16. Suppose 3 = -3*z + 2*s - 18, -4*z + 3*s - 29 = 0. Let q be l(z). Calculate c(q).
-1
Suppose -39*v + 57 - 11 = -305. Let y(b) = 2*b**2 - 27*b + 67. Determine y(v).
-14
Let p(s) = -2*s**3 - 28*s**2 + 6*s + 90. Let q be p(-14). Let v(g) = -11*g + 7*g - 5 - 5*g**2 + 2*g**3 - g**3 - 2*g. Give v(q).
-5
Suppose 4*a - 65 = -o - 69, -3*a + 2*o - 14 = 0. Let k(r) = 3*r**2 + 0 - r**2 - 3 + r. Determine k(a).
3
Let u(s) = 6*s - 19. Let y = 4758 + -4753. What is u(y)?
11
Let p(z) = -25*z + 1048. Let n be p(42). Let x(r) = r**2 - 3*r**2 - r - 1 + r**2 - r**3. Give x(n).
5
Let n = -2073 + 2061. Let o(h) = h**3 + 13*h + 5*h**2 + 52 + 0*h**3 - 40 + 8*h**2. Determine o(n).
0
Let r(a) = -5*a**2 + 4*a - a - 21 + 96*a**3 - 80*a**3 - a - 17*a**3. Calculate r(-6).
3
Let u = 360 + -341. Suppose 5*i = -u + 29. Let f(b) = b**2 - b. Let m(x) = 14*x**2 - 12*x - 2. Let y(k) = 12*f(k) - m(k). Give y(i).
-6
Let x(d) = -10 + 0 - 7*d + 1 + d**2 + 2*d. Let m(i) = i**2 - 4*i - 14. Let k be m(7). Give x(k).
5
Let u(m) = -m**2 - 17*m - 9. Let z(d) = d**3 + 30*d**2 + 42*d + 361. Let c be z(-29). What is u(c)?
7
Let r = 0 + 5. Suppose -4*d + 2*s + 170 = 0, 3*d - 39 = 2*s + 91. Let z(j) = -2 + 36*j + 36*j + d*j - 113*j. What is z(r)?
-7
Let n(y) = -2*y**3 - 7*y**2 + 14*y - 12. Let o be n(-5). Let q(a) = a**2 + 33*a - 2*a - 11*a - 12*a + 1. Give q(o).
-6
Let n = -1291 + 1293. Let x(w) = 12*w**2 + 2*w + 1. Determine x(n).
53
Let z be 5 - (-5)/(15/(-9)). Let i(j) = 3 - 12*j**z + j - 17*j**2 + 27*j**2 + 0. What is i(-2)?
-7
Suppose -4*d - 3*g = d - 2025, 0 = 3*d + 2*g - 1215. Let z(y) = -197*y + d*y + 4*y**2 - 205*y + y**3 + 1. Determine z(-3).
1
Let u(d) = d**2 + 8*d - 19. Let v(l) = 1. Let s(y) = u(y) + 2*v(y). Let q be s(-9). Let t(w) = -10*w**2 - 3 - 2 + 9*w**2 + 1 - 9*w. What is t(q)?
4
Let f(n) = -n**2 + 2. Let l(m) = -5*m**2 + 11*m - 14. Let u(o) = 2*f(o) - l(o). Let w be u(2). Let h(g) = g**3 - 7*g**2 - 11*g - 2. Calculate h(w).
-26
Let k(y) = -11*y + 7. Let z be k(-5). Let l(j) = j**2 - 20*j - 23*j - 16*j + z*j + 1. Determine l(-1).
-1
Suppose 16 = 2*h - 0*u - 2*u, -5*h - 4*u + 13 = 0. Suppose -2*w + 57 + 71 = h*i, i - 44 = -5*w. Let o(f) = 0*f + 16 - i - f. Give o(-8).
0
Let h(x) = -x**3 + 5*x**2 + 8*x - 5. Let i be 2/(-3) + (-232)/(-6). Suppose 4*f = 0, -3*o - 3*f = 73 - 205. Let v = o - i. What is h(v)?
7
Let a(w) = -5*w**3 + 1125*w + 3*w**2 + 1141*w - 2262*w. Calculate a(-1).
4
Let r(a) = -5*a - 3. Let s(y) = -y. Let h(z) = -r(z) + s(z). Suppose 3*p + 6 = 0, 3*p + 6 + 12 = -4*n. What is h(n)?
-9
Suppose -5*s - 4*a = -0*s + 68, 4*s = -3*a - 55. Let b be s/(-1 - 1) - 1. Suppose 4*v = -1 - b. Let z(d) = d**2 + 2*d + 3. Give z(v).
3
Let m(r) = -r**2 + 5*r + 6. Suppose -15 = -4*n - 19. Let t be (-5 - -9) + (n - -2). Give m(t).
6
Let y(a) = 5*a**2 - 6*a - 3. Let n(b) = 4*b**2 + 4 - 5*b - 7 + 1. Let w be 5/7*(-26 + 33). Let g(q) = w*y(q) - 6*n(q). Determine g(-3).
6
Let l(b) = 0*b**2 - 24 + b**3 - 2 - b**2. Suppose -4*s - 195 = 3*x - 223, -5*x + 21 = 3*s. Give l(x).
-26
Let b(m) = -m**3 + 6*m**2 - 4*m - 9. Let t be 11 + 6 + -12 + (3 - 4)*2. What is b(t)?
6
Let p(y) = -24*y. Let g(t) be the first derivative of -t**4/4 - 10*t**3/3 + t**2/2 - 111*t + 195. Let i be g(-11). Give p(i).
24
Suppose -u + 67 = 3*r, -6*r + 4*r + 38 = -u. Let w(x) = r*x**3 - 3 - 6 + 1 - x - 7*x**2 - 20*x**3. Give w(7).
-15
Let u(l) be the third derivative of -l**6/120 - 7*l**5/60 - l**4/24 - 11*l**3/6 + 17*l**2 - 6*l - 2. Give u(-7).
-4
Let d(j) = 16*j - 1. Let i(u) = 49*u + 2. Let p(k) = 3*d(k) - i(k). Calculate p(1).
-6
Let f(z) be the second derivative of z**6/120 + z**5/60 - z**4/8 + z**3/2 - 47*z**2 + 40*z + 1. Let w(c) be the first derivative of f(c). What is w(2)?
9
Let t(g) = -g**3 - 2*g**2 + 8*g + 2. Let o be t(-4). Let u(s) = 7*s - 9 - 2*s**2 + 2*s + 10*s**o + 6*s - 9*s**2. Give u(10).
41
Let a = 24 + -32. Let v(r) = 105 + r**2 - 315 + r + 100 + 112 + 9*r. Determine v(a).
-14
Let z = 2 - 3. Let s(q) = -28*q - 139. Let c be s(-5). Let v(t) = 52723*t + 2*t**2 - 3*t**2 - 52722*t + c. Determine v(z).
-1
Suppose 2*c + 2 = -6. Let g(l) be the first derivative of l**6/360 + l**5/30 - l**4/8 - 160*l**3/3 - 85. Let f(h) be the third derivative of g(h). Give f(c).
-3
Let p(a) = -12*a - 1. Suppose 8*q - 2*q - 72 = 0. Let r = q + -10. Determine p(r).
-25
Suppose 3*b = -7*b + 17*b. Suppose b = 3*t + 992 - 995. Let p(r) = 15*r - 1. What is p(t)?
14
Suppose a - 2*u = 4*a - 34, 0 = 5*a - 4*u - 64. Let t(o) = -2*o**2 + 15*o + 11. Let j(i) = -i**2 + 4*i. Let w(c) = -j(c) + t(c). Calculate w(a).
-1
Let b(u) = u**2 + 4*u - 34. Let j(g) = -13. Let y(p) = b(p) - 3*j(p). Determine y(-2).
1
Suppose 5*h - 5*q = 0, -3*h = -0*q + 5*q - 16. Let s(k) = 5*k**h + 0*k**3 - 2*k**3 + 5*k - 2 + 3*k**3. Let y(w) = 331*w + 989. Let d be y(-3). Determine s(d).
-6
Let b(w) = -w**2 - 22*w - 75. Let y be b(-17). Let a(g) = -1 - 15 - y + 14 + 2*g. Calculate a(8).
4
Let g(a) be the first derivative of 7*a**2/2 + 40*a + 3018. Calculate g(-3).
19
Let z be (0 - -2)*(-710)/(-20) - 5. Let m(t) = -5*t - z*t**2 - 1 + 3 + 67*t**2. Suppose x = 2*j - 5, -3*x + 0*j + 17 = 2*j. Calculate m(x).
-4
Let t(w) = -w**3 + w. Let v(y) = 2*y**3 + 11*y**2 + 8*y. Let a(g) = t(g) + v(g). Suppose 5*s + 1509 = 2982 - 1523. Calculate a(s).
10
Let h(p) be the first derivative of 2*p**3/3 - 3*p**2 + 6*p + 1. Let j = -1837 - -1841. What is h(j)?
14
Let u(y) = -4*y**2 + 9*y - 17*y + 34355 - 34351. Determine u(-2).
4
Let y(z) be the first derivative of z**2 + 31 + 7/3*z**3 + z. Let g = -31 - -30. Give y(g).
6
Let o(k) = -4*k**3 + 8*k**2 - 19*k + 11. Let z(u) = -3*u**3 + 10*u**2 - 19*u + 10. Let d(l) = -4*o(l) + 5*z(l). Determine d(-19).
6
Let p(f) = -f + 3. Let g = 259 + -257. Suppose 16*c - g*c = 98. Calculate p(c).
-4
Let v(j) = 13*j - 11 + 5 - 1 - 9*j - 46. Determine v(-6).
-77
Let a be (-2 - 0) + (-3 - 702/3). Let v = a - -228. Let o(z) = -z**2 - 12*z - 12. What is o(v)?
-1
Let y(f) = -f**2 + 8*f + 11. Suppose 2*q = 5*t - 2, -3*t - 4*q - q = -26. Let p be ((-28)/12 + t/6)/2. Let n be p/(((-2)/(-12))/((-3)/2)). Determine y(n).
2
Let p(j) = -10*j + 13*j - 319 - 113*j - 149 - 45*j. Determine p(-3).
-3
Let a(h) = h**2 - 18*h - 99. Let i be (((-33)/(-12))/((-10)/(-8)))/(195/1950). What is a(i)?
-11
Let b(c) = 52212*c - 2*c**3 + 0*c**3 - 26103*c + 4*c**3 + 8*c**2 - 26104*c. What is b(-4)?
-20
Let v(u) = 2*u + 4. Let n(j) = 13*j + 38. Suppose 0 = -4*a - 5*d + 1, -2*a + 3 - 5 = 2*d. Let t(y) = a*v(y) + n(y). What is t(0)?
14
Let y(f) = -f**2 - 6*f - 9. Let j = 7 + 5. Suppose 11*k - 14 = 13*k + 4*i, 4*i = -k - 17. Suppose j = -5*r + k*r. What is y(r)?
-9
Let u(z) be the second derivative of -z**5/20 - 13*z**4/12 + 17*z**3/6 + 21*z**2/2 - 11*z - 32. Calculate u(-14).
-21
Let b = 13729 - 13713. Let o(n) be the second derivative of n**3/3 - 21*n**2/2 + 6*n. Calculate o(b).
11
Let o be (-17)/(-170) - (-7 + (-312)/(-45)). Let j(a) be the second derivative of 0 + a**2 + 43*a + o*a**3. Calculate j(-7).
-5
Let o(y) be the first derivative of -67 + 8/3*y**3 + 7/2*y**2 + 1/4*y**4 - 5*y. What is o(-7)?
-5
Let c(m) = -9*m**2 + 71*m - 17. Let h(g) = 9*g**2 - 62*g + 15. Let q(y) = 7*c(y) + 8*h(y). Suppose 0 = -p - 2 + 1. What is q(p)?
9
Let f = 3432 + -3422. Let h(l) = l**2 - 20*l + 100. What is h(f)?
0
Let f(q) = 61*q**2 + 2682*q - 92. Let r be f(-44). Let g(a) = -a + 1. Let p(k) = 5*k + 2. Let h(c) = -6*g(c) - 2*p(c). Calculate h(r).
6
Let x be (6 - (-3 - -2))/1. Let n(b) = -4*b + 37. Let j be n(x). Let i(o) = 12 - o**2 